 is the units digit of 337945?
5
What is the thousands digit of 2246990?
6
What is the hundreds digit of 17612?
6
What is the tens digit of 7342552?
5
What is the tens digit of 539646?
4
What is the hundred thousands digit of 4273405?
2
What is the millions digit of 3623286?
3
What is the thousands digit of 702922?
2
What is the hundred thousands digit of 770416?
7
What is the ten thousands digit of 16843633?
4
What is the thousands digit of 1030718?
0
What is the thousands digit of 4796666?
6
What is the hundreds digit of 855259?
2
What is the ten thousands digit of 308064?
0
What is the thousands digit of 5876851?
6
What is the hundreds digit of 243631?
6
What is the hundred thousands digit of 369593?
3
What is the units digit of 8001013?
3
What is the ten thousands digit of 1673576?
7
What is the hundreds digit of 1379392?
3
What is the ten thousands digit of 22610254?
1
What is the tens digit of 4831777?
7
What is the thousands digit of 4614788?
4
What is the ten thousands digit of 771582?
7
What is the thousands digit of 218384?
8
What is the hundreds digit of 312051?
0
What is the hundreds digit of 406179?
1
What is the hundreds digit of 2893019?
0
What is the units digit of 244100?
0
What is the tens digit of 252091?
9
What is the ten thousands digit of 1157333?
5
What is the ten thousands digit of 567996?
6
What is the tens digit of 315139?
3
What is the units digit of 99805?
5
What is the hundreds digit of 367678?
6
What is the hundred thousands digit of 164434?
1
What is the hundreds digit of 705388?
3
What is the ten thousands digit of 1057467?
5
What is the hundred thousands digit of 253180?
2
What is the millions digit of 1062585?
1
What is the hundred thousands digit of 3500300?
5
What is the units digit of 18132351?
1
What is the millions digit of 5498980?
5
What is the ten thousands digit of 78478?
7
What is the units digit of 16662605?
5
What is the tens digit of 796578?
7
What is the hundreds digit of 193714?
7
What is the thousands digit of 10445335?
5
What is the thousands digit of 59837?
9
What is the ten thousands digit of 250620?
5
What is the hundred thousands digit of 5964649?
9
What is the units digit of 3046498?
8
What is the thousands digit of 9106296?
6
What is the units digit of 242903?
3
What is the ten millions digit of 13739341?
1
What is the units digit of 613138?
8
What is the units digit of 8623397?
7
What is the ten thousands digit of 19861309?
6
What is the tens digit of 217068?
6
What is the ten thousands digit of 19161?
1
What is the hundreds digit of 5620708?
7
What is the tens digit of 319327?
2
What is the tens digit of 170540?
4
What is the thousands digit of 842450?
2
What is the thousands digit of 2724593?
4
What is the units digit of 1147480?
0
What is the units digit of 25140353?
3
What is the units digit of 3587303?
3
What is the units digit of 5700576?
6
What is the hundred thousands digit of 109001?
1
What is the hundreds digit of 105900?
9
What is the hundreds digit of 1760001?
0
What is the units digit of 693511?
1
What is the units digit of 21979?
9
What is the millions digit of 1871624?
1
What is the units digit of 684768?
8
What is the tens digit of 305132?
3
What is the hundred thousands digit of 306322?
3
What is the hundreds digit of 65129?
1
What is the thousands digit of 3806126?
6
What is the millions digit of 6197200?
6
What is the thousands digit of 15121364?
1
What is the hundreds digit of 21393543?
5
What is the ten thousands digit of 17516032?
1
What is the ten thousands digit of 3482165?
8
What is the millions digit of 1073928?
1
What is the units digit of 97830?
0
What is the units digit of 945070?
0
What is the thousands digit of 617429?
7
What is the hundreds digit of 937392?
3
What is the tens digit of 43334555?
5
What is the tens digit of 14575784?
8
What is the tens digit of 775072?
7
What is the hundred thousands digit of 1551073?
5
What is the tens digit of 1040007?
0
What is the ten thousands digit of 609368?
0
What is the hundreds digit of 211405?
4
What is the ten thousands digit of 513885?
1
What is the thousands digit of 4532116?
2
What is the hundreds digit of 5442803?
8
What is the hundred thousands digit of 371643?
3
What is the units digit of 1120961?
1
What is the thousands digit of 311290?
1
What is the ten millions digit of 10937935?
1
What is the tens digit of 210267?
6
What is the millions digit of 25331099?
5
What is the units digit of 4525624?
4
What is the hundreds digit of 1797130?
1
What is the units digit of 24764?
4
What is the units digit of 790031?
1
What is the hundreds digit of 607244?
2
What is the hundred thousands digit of 983996?
9
What is the millions digit of 13492196?
3
What is the units digit of 64869?
9
What is the thousands digit of 2973859?
3
What is the tens digit of 1909761?
6
What is the ten thousands digit of 27704892?
0
What is the units digit of 10974973?
3
What is the thousands digit of 12119314?
9
What is the hundred thousands digit of 181979?
1
What is the ten thousands digit of 57280?
5
What is the tens digit of 490719?
1
What is the tens digit of 60730?
3
What is the hundreds digit of 4739015?
0
What is the ten thousands digit of 99802?
9
What is the thousands digit of 109582?
9
What is the units digit of 522825?
5
What is the hundreds digit of 2451388?
3
What is the units digit of 169428?
8
What is the ten thousands digit of 103069?
0
What is the thousands digit of 227133?
7
What is the tens digit of 3952236?
3
What is the units digit of 44508?
8
What is the tens digit of 3981931?
3
What is the hundreds digit of 262954?
9
What is the hundreds digit of 1096697?
6
What is the ten thousands digit of 679318?
7
What is the hundred thousands digit of 152190?
1
What is the thousands digit of 1735736?
5
What is the thousands digit of 2199983?
9
What is the tens digit of 2680743?
4
What is the millions digit of 4285718?
4
What is the tens digit of 15313599?
9
What is the tens digit of 688011?
1
What is the hundreds digit of 356433?
4
What is the units digit of 677985?
5
What is the millions digit of 3697670?
3
What is the hundreds digit of 1537165?
1
What is the hundreds digit of 7039348?
3
What is the thousands digit of 1318737?
8
What is the millions digit of 21873244?
1
What is the millions digit of 2838426?
2
What is the hundreds digit of 40635?
6
What is the units digit of 281202?
2
What is the hundreds digit of 490617?
6
What is the hundred thousands digit of 3510772?
5
What is the tens digit of 13828?
2
What is the units digit of 13878050?
0
What is the hundreds digit of 18107142?
1
What is the hundreds digit of 660119?
1
What is the hundreds digit of 236758?
7
What is the hundreds digit of 3103849?
8
What is the ten thousands digit of 4042703?
4
What is the ten thousands digit of 20772607?
7
What is the thousands digit of 22908884?
8
What is the hundreds digit of 686168?
1
What is the hundreds digit of 152911?
9
What is the millions digit of 4695457?
4
What is the units digit of 337418?
8
What is the millions digit of 5538907?
5
What is the units digit of 355778?
8
What is the tens digit of 8383435?
3
What is the hundreds digit of 1394535?
5
What is the ten millions digit of 16051890?
1
What is the thousands digit of 13470369?
0
What is the tens digit of 5281871?
7
What is the tens digit of 4282435?
3
What is the units digit of 1314525?
5
What is the hundreds digit of 3117318?
3
What is the thousands digit of 4621105?
1
What is the thousands digit of 3258865?
8
What is the thousands digit of 282787?
2
What is the hundred thousands digit of 453601?
4
What is the hundred thousands digit of 1592904?
5
What is the units digit of 1002257?
7
What is the hundreds digit of 599676?
6
What is the ten thousands digit of 3435685?
3
What is the ten thousands digit of 3747184?
4
What is the ten thousands digit of 4796239?
9
What is the ten thousands digit of 43645?
4
What is the hundred thousands digit of 166476?
1
What is the thousands digit of 18611062?
1
What is the millions digit of 1718348?
1
What is the thousands digit of 278858?
8
What is the hundred thousands digit of 22331075?
3
What is the tens digit of 253318?
1
What is the hundreds digit of 9037517?
5
What is the ten thousands digit of 2166295?
6
What is the thousands d